{"id":16264,"date":"2022-05-02T15:30:40","date_gmt":"2022-05-02T13:30:40","guid":{"rendered":"https:\/\/www.clean-air.cz\/ready-2-weld-set-aertec-rangemax-aergo\/"},"modified":"2022-05-05T08:44:15","modified_gmt":"2022-05-05T06:44:15","slug":"ready-2-weld-set-aertec-rangemax-aergo","status":"publish","type":"page","link":"https:\/\/www.clean-air.cz\/de\/ready-2-weld-sets\/ready-2-weld-set-aertec-rangemax-aergo\/","title":{"rendered":"Ready 2 Weld set AerTEC\u2122 RangeMax + AerGo"},"content":{"rendered":"<p>[vc_row][vc_column width=&#8221;1\/2&#8243;][vc_gallery interval=&#8221;0&#8243; images=&#8221;9949&#8243; img_size=&#8221;large&#8221;][\/vc_column][vc_column width=&#8221;1\/2&#8243;][vc_column_text]<strong><span style=\"font-size: 14pt; color: #be0300;\">Neue Perspektiven<\/span><\/strong><!-- wpml:html_fragment <\/p>\n\n --><\/p>\n<p>Der bis heute innovativste und ergonomischste Helm, der das Sichtfeld des Schwei\u00dfers erweitert, ohne Kompromisse beim Komfort zu machen. Dank schwebendem Nasenausschnitt \u00fcber der Nase ist der ADF n\u00e4her an den Augen positioniert. Dadurch vergr\u00f6\u00dfert sich das Sichtfeld um das Sechsfache im Vergleich zu herk\u00f6mmlichen Schwei\u00dfhelmen. Vollautomatisierte Farbkorrektur f\u00fcr jeden Schwei\u00dfvorgang im Bereich von 5 bis 12. Das integrierte Luftverteilersystem leitet die Luft direkt in die Atemzone.[\/vc_column_text][\/vc_column][\/vc_row][vc_row][vc_column css=&#8221;.vc_custom_1591946063854{margin-top: -100px !important;}&#8221;][vc_column_text]<span style=\"font-size: 18pt;\">Lieferumfang<\/span>[\/vc_column_text][\/vc_column][\/vc_row][vc_row][vc_column width=&#8221;1\/3&#8243;][vc_column_text]<strong><span style=\"font-size: 14pt; color: #be0300;\">AerTEC\u2122 RangeMAX Air&nbsp;<\/span><\/strong><!-- wpml:html_fragment <\/p>\n\n --><\/p>\n<p>Schwei\u00dfhelm mit automatischem Verdunklungsfilter und Luftverteilungssystem.<\/p>\n<p><img loading=\"lazy\" decoding=\"async\" class=\"size-medium wp-image-7840 aligncenter\" src=\"https:\/\/www.clean-air.cz\/wp-content\/uploads\/2019\/11\/RangeMAX-iso-copy-219x300.jpg\" alt=\"\" width=\"219\" height=\"300\"\/>[\/vc_column_text][vc_btn title=&#8221;Produkt anzeigen&#8221; shape=&#8221;square&#8221; color=&#8221;danger&#8221; align=&#8221;center&#8221; link=&#8221;url:https%3A%2F%2Fwww.clean-air.cz%2Fde%2Fhauben%2Fschweishauben%2Faertec-rangemax%2F|title:Produkt%20anzeigen|&#8221;][\/vc_column][vc_column width=&#8221;1\/3&#8243;][vc_column_text]<strong><span style=\"font-size: 14pt; color: #be0300;\">CleanAIR<sup>\u00ae<\/sup> AerGo&nbsp;<\/span><\/strong><!-- wpml:html_fragment <\/p>\n\n --><\/p>\n<p>Druckluftatemschutzger\u00e4t mit Partikelfilter und Lithium-Ionen-Akku.<\/p>\n<p><img loading=\"lazy\" decoding=\"async\" class=\"size-medium wp-image-9927 aligncenter\" src=\"https:\/\/www.clean-air.cz\/wp-content\/uploads\/2020\/06\/CleanAIR_AerGO_PAPR_unit-300x300.jpg\" alt=\"CleanAIR AerGo Atemschutzger\u00e4t\" width=\"300\" height=\"300\" srcset=\"https:\/\/www.clean-air.cz\/wp-content\/uploads\/2020\/06\/CleanAIR_AerGO_PAPR_unit-300x300.jpg 300w, https:\/\/www.clean-air.cz\/wp-content\/uploads\/2020\/06\/CleanAIR_AerGO_PAPR_unit-150x150.jpg 150w, https:\/\/www.clean-air.cz\/wp-content\/uploads\/2020\/06\/CleanAIR_AerGO_PAPR_unit-768x768.jpg 768w, https:\/\/www.clean-air.cz\/wp-content\/uploads\/2020\/06\/CleanAIR_AerGO_PAPR_unit-250x250.jpg 250w, https:\/\/www.clean-air.cz\/wp-content\/uploads\/2020\/06\/CleanAIR_AerGO_PAPR_unit.jpg 800w\" sizes=\"(max-width: 300px) 100vw, 300px\" \/>[\/vc_column_text][vc_btn title=&#8221;Produkt anzeigen&#8221; shape=&#8221;square&#8221; color=&#8221;danger&#8221; align=&#8221;center&#8221; link=&#8221;url:https%3A%2F%2Fwww.clean-air.cz%2Fde%2Fsysteme-fur-den-personlichen-atemschutz%2Fcleanair-aergo%2F|title:Produkt%20anzeigen|&#8221;][\/vc_column][vc_column width=&#8221;1\/3&#8243;][vc_column_text]<strong><span style=\"font-size: 14pt; color: #be0300;\">Zubeh\u00f6r<\/span><\/strong><!-- wpml:html_fragment <\/p>\n\n --><\/p>\n<p>Hose QuickLOCK\u2122, Tasche, Ladeger\u00e4t, Komfortg\u00fcrtel, MIG\/MAG Handschuhe.<\/p>\n<p><img loading=\"lazy\" decoding=\"async\" class=\"size-medium wp-image-9913 aligncenter\" src=\"https:\/\/www.clean-air.cz\/wp-content\/uploads\/2020\/06\/CleanAIR_duffel_bag_and_gloves-1-300x300.jpg\" alt=\"\" width=\"300\" height=\"300\" srcset=\"https:\/\/www.clean-air.cz\/wp-content\/uploads\/2020\/06\/CleanAIR_duffel_bag_and_gloves-1-300x300.jpg 300w, https:\/\/www.clean-air.cz\/wp-content\/uploads\/2020\/06\/CleanAIR_duffel_bag_and_gloves-1-150x150.jpg 150w, https:\/\/www.clean-air.cz\/wp-content\/uploads\/2020\/06\/CleanAIR_duffel_bag_and_gloves-1-768x768.jpg 768w, https:\/\/www.clean-air.cz\/wp-content\/uploads\/2020\/06\/CleanAIR_duffel_bag_and_gloves-1-250x250.jpg 250w, https:\/\/www.clean-air.cz\/wp-content\/uploads\/2020\/06\/CleanAIR_duffel_bag_and_gloves-1.jpg 800w\" sizes=\"(max-width: 300px) 100vw, 300px\" \/>[\/vc_column_text][\/vc_column][\/vc_row]<!-- wpml:html_fragment <\/p>\n\n --><\/p>\n","protected":false},"excerpt":{"rendered":"<p>[vc_row][vc_column width=&#8221;1\/2&#8243;][vc_gallery interval=&#8221;0&#8243; images=&#8221;9949&#8243; img_size=&#8221;large&#8221;][\/vc_column][vc_column width=&#8221;1\/2&#8243;][vc_column_text]Neue Perspektiven Der bis heute innovativste und ergonomischste Helm, der das Sichtfeld des Schwei\u00dfers erweitert, ohne Kompromisse beim Komfort zu machen. Dank schwebendem Nasenausschnitt \u00fcber der Nase ist der ADF n\u00e4her an den Augen positioniert. Dadurch vergr\u00f6\u00dfert sich das Sichtfeld um das Sechsfache im Vergleich zu herk\u00f6mmlichen Schwei\u00dfhelmen. Vollautomatisierte Farbkorrektur f\u00fcr jeden Schwei\u00dfvorgang im Bereich von 5 bis 12. Das integrierte Luftverteilersystem leitet die Luft<\/p>\n<p><a class=\"more-link\" href=\"https:\/\/www.clean-air.cz\/de\/ready-2-weld-sets\/ready-2-weld-set-aertec-rangemax-aergo\/\">Weiterlesen<\/a><\/p>\n","protected":false},"author":11,"featured_media":0,"parent":16317,"menu_order":0,"comment_status":"closed","ping_status":"closed","template":"","meta":{"footnotes":""},"_links":{"self":[{"href":"https:\/\/www.clean-air.cz\/de\/wp-json\/wp\/v2\/pages\/16264"}],"collection":[{"href":"https:\/\/www.clean-air.cz\/de\/wp-json\/wp\/v2\/pages"}],"about":[{"href":"https:\/\/www.clean-air.cz\/de\/wp-json\/wp\/v2\/types\/page"}],"author":[{"embeddable":true,"href":"https:\/\/www.clean-air.cz\/de\/wp-json\/wp\/v2\/users\/11"}],"replies":[{"embeddable":true,"href":"https:\/\/www.clean-air.cz\/de\/wp-json\/wp\/v2\/comments?post=16264"}],"version-history":[{"count":0,"href":"https:\/\/www.clean-air.cz\/de\/wp-json\/wp\/v2\/pages\/16264\/revisions"}],"up":[{"embeddable":true,"href":"https:\/\/www.clean-air.cz\/de\/wp-json\/wp\/v2\/pages\/16317"}],"wp:attachment":[{"href":"https:\/\/www.clean-air.cz\/de\/wp-json\/wp\/v2\/media?parent=16264"}],"curies":[{"name":"wp","href":"https:\/\/api.w.org\/{rel}","templated":true}]}}

<p>[vc_row][vc_column width=&#8221;1/2&#8243;][vc_gallery interval=&#8221;0&#8243; images=&#8221;9949&#8243; img_size=&#8221;large&#8221;][/vc_column][vc_column width=&#8221;1/2&#8243;][vc_column_text]<strong><span style="font-size: 14pt; color: #be0300;">Neue Perspektiven</span></strong><!-- wpml:html_fragment </p>

 --></p>
<p>Der bis heute innovativste und ergonomischste Helm, der das Sichtfeld des Schweißers erweitert, ohne Kompromisse beim Komfort zu machen. Dank schwebendem Nasenausschnitt über der Nase ist der ADF näher an den Augen positioniert. Dadurch vergrößert sich das Sichtfeld um das Sechsfache im Vergleich zu herkömmlichen Schweißhelmen. Vollautomatisierte Farbkorrektur für jeden Schweißvorgang im Bereich von 5 bis 12. Das integrierte Luftverteilersystem leitet die Luft direkt in die Atemzone.[/vc_column_text][/vc_column][/vc_row][vc_row][vc_column css=&#8221;.vc_custom_1591946063854{margin-top: -100px !important;}&#8221;][vc_column_text]<span style="font-size: 18pt;">Lieferumfang</span>[/vc_column_text][/vc_column][/vc_row][vc_row][vc_column width=&#8221;1/3&#8243;][vc_column_text]<strong><span style="font-size: 14pt; color: #be0300;">AerTEC™ RangeMAX Air&nbsp;</span></strong><!-- wpml:html_fragment </p>

 --></p>
<p>Schweißhelm mit automatischem Verdunklungsfilter und Luftverteilungssystem.</p>
<p><img loading="lazy" decoding="async" class="size-medium wp-image-7840 aligncenter" src="https://www.clean-air.cz/wp-content/uploads/2019/11/RangeMAX-iso-copy-219x300.jpg" alt="" width="219" height="300"/>[/vc_column_text][vc_btn title=&#8221;Produkt anzeigen&#8221; shape=&#8221;square&#8221; color=&#8221;danger&#8221; align=&#8221;center&#8221; link=&#8221;url:https%3A%2F%2Fwww.clean-air.cz%2Fde%2Fhauben%2Fschweishauben%2Faertec-rangemax%2F|title:Produkt%20anzeigen|&#8221;][/vc_column][vc_column width=&#8221;1/3&#8243;][vc_column_text]<strong><span style="font-size: 14pt; color: #be0300;">CleanAIR<sup>®</sup> AerGo&nbsp;</span></strong><!-- wpml:html_fragment </p>

 --></p>
<p>Druckluftatemschutzgerät mit Partikelfilter und Lithium-Ionen-Akku.</p>
<p><img loading="lazy" decoding="async" class="size-medium wp-image-9927 aligncenter" src="https://www.clean-air.cz/wp-content/uploads/2020/06/CleanAIR_AerGO_PAPR_unit-300x300.jpg" alt="CleanAIR AerGo Atemschutzgerät" width="300" height="300" srcset="https://www.clean-air.cz/wp-content/uploads/2020/06/CleanAIR_AerGO_PAPR_unit-300x300.jpg 300w, https://www.clean-air.cz/wp-content/uploads/2020/06/CleanAIR_AerGO_PAPR_unit-150x150.jpg 150w, https://www.clean-air.cz/wp-content/uploads/2020/06/CleanAIR_AerGO_PAPR_unit-768x768.jpg 768w, https://www.clean-air.cz/wp-content/uploads/2020/06/CleanAIR_AerGO_PAPR_unit-250x250.jpg 250w, https://www.clean-air.cz/wp-content/uploads/2020/06/CleanAIR_AerGO_PAPR_unit.jpg 800w" sizes="(max-width: 300px) 100vw, 300px" />[/vc_column_text][vc_btn title=&#8221;Produkt anzeigen&#8221; shape=&#8221;square&#8221; color=&#8221;danger&#8221; align=&#8221;center&#8221; link=&#8221;url:https%3A%2F%2Fwww.clean-air.cz%2Fde%2Fsysteme-fur-den-personlichen-atemschutz%2Fcleanair-aergo%2F|title:Produkt%20anzeigen|&#8221;][/vc_column][vc_column width=&#8221;1/3&#8243;][vc_column_text]<strong><span style="font-size: 14pt; color: #be0300;">Zubehör</span></strong><!-- wpml:html_fragment </p>

 --></p>
<p>Hose QuickLOCK™, Tasche, Ladegerät, Komfortgürtel, MIG/MAG Handschuhe.</p>
<p><img loading="lazy" decoding="async" class="size-medium wp-image-9913 aligncenter" src="https://www.clean-air.cz/wp-content/uploads/2020/06/CleanAIR_duffel_bag_and_gloves-1-300x300.jpg" alt="" width="300" height="300" srcset="https://www.clean-air.cz/wp-content/uploads/2020/06/CleanAIR_duffel_bag_and_gloves-1-300x300.jpg 300w, https://www.clean-air.cz/wp-content/uploads/2020/06/CleanAIR_duffel_bag_and_gloves-1-150x150.jpg 150w, https://www.clean-air.cz/wp-content/uploads/2020/06/CleanAIR_duffel_bag_and_gloves-1-768x768.jpg 768w, https://www.clean-air.cz/wp-content/uploads/2020/06/CleanAIR_duffel_bag_and_gloves-1-250x250.jpg 250w, https://www.clean-air.cz/wp-content/uploads/2020/06/CleanAIR_duffel_bag_and_gloves-1.jpg 800w" sizes="(max-width: 300px) 100vw, 300px" />[/vc_column_text][/vc_column][/vc_row]<!-- wpml:html_fragment </p>

 --></p>

<p>[vc_row][vc_column width=&#8221;1/2&#8243;][vc_gallery interval=&#8221;0&#8243; images=&#8221;9949&#8243; img_size=&#8221;large&#8221;][/vc_column][vc_column width=&#8221;1/2&#8243;][vc_column_text]Neue Perspektiven Der bis heute innovativste und ergonomischste Helm, der das Sichtfeld des Schweißers erweitert, ohne Kompromisse beim Komfort zu machen. Dank schwebendem Nasenausschnitt über der Nase ist der ADF näher an den Augen positioniert. Dadurch vergrößert sich das Sichtfeld um das Sechsfache im Vergleich zu herkömmlichen Schweißhelmen. Vollautomatisierte Farbkorrektur für jeden Schweißvorgang im Bereich von 5 bis 12. Das integrierte Luftverteilersystem leitet die Luft</p>
<p><a class="more-link" href="https://www.clean-air.cz/de/ready-2-weld-sets/ready-2-weld-set-aertec-rangemax-aergo/">Weiterlesen</a></p>
