{"id":9960,"date":"2020-06-15T14:23:04","date_gmt":"2020-06-15T12:23:04","guid":{"rendered":"https:\/\/www.clean-air.cz\/?page_id=9960"},"modified":"2020-06-16T12:19:11","modified_gmt":"2020-06-16T10:19:11","slug":"ready-2-work-set-seemax-basic","status":"publish","type":"page","link":"https:\/\/www.clean-air.cz\/cs\/ready-2-work-sets\/ready-2-work-set-seemax-basic\/","title":{"rendered":"Ready 2 Work set AerTEC\u2122 SeeMax + Basic"},"content":{"rendered":"<p>[vc_row][vc_column width=&#8220;1\/2&#8243;][vc_gallery interval=&#8220;0&#8243; images=&#8220;9954&#8243; img_size=&#8220;large&#8220;][\/vc_column][vc_column width=&#8220;1\/2&#8243;][vc_column_text]<strong><span style=\"font-size: 14pt; color: #be0300;\">V\u017edy skv\u011bl\u00fd v\u00fdhled<\/span><\/strong><\/p>\n<p>Brusn\u00fd \u0161t\u00edt poskytuje neomezen\u00fd v\u00fdhled do va\u0161eho pracovn\u00edho prostoru, filtrovan\u00fd a \u010dist\u00fd vzduch s nastavitelnou distribuc\u00ed vzduchu \u010din\u00ed z SeeMAXu jedine\u010dn\u00fd syst\u00e9m ochrany obli\u010deje a d\u00fdchac\u00edch cest s nejvy\u0161\u0161\u00ed \u00farovn\u00ed bezpe\u010dnosti.[\/vc_column_text][\/vc_column][\/vc_row][vc_row][vc_column css=&#8220;.vc_custom_1591949071529{margin-top: -100px !important;}&#8220;][vc_column_text]<span style=\"font-size: 18pt;\">Obsah balen\u00ed<\/span>[\/vc_column_text][\/vc_column][\/vc_row][vc_row][vc_column width=&#8220;1\/3&#8243;][vc_column_text]<strong><span style=\"font-size: 14pt; color: #be0300;\">AerTEC\u2122 SeeMAX<\/span><\/strong><\/p>\n<p>Brusn\u00fd \u0161t\u00edt se syst\u00e9mem rozvodu vzduchu.<\/p>\n<p><img loading=\"lazy\" decoding=\"async\" class=\"size-medium wp-image-8126 aligncenter\" src=\"https:\/\/www.clean-air.cz\/wp-content\/uploads\/2019\/12\/SeeMAX-iso-245x300.jpg\" alt=\"\" width=\"245\" height=\"300\" \/>[\/vc_column_text][vc_btn title=&#8220;Zobrazit produkt&#8220; shape=&#8220;square&#8220; color=&#8220;danger&#8220; align=&#8220;left&#8220; link=&#8220;url:https%3A%2F%2Fwww.clean-air.cz%2Fcs%2Fhlavove-dily%2Fbrusne-stity%2Faertec-seemax%2F|title:Zobrazit%20produkt|&#8220;][\/vc_column][vc_column width=&#8220;1\/3&#8243;][vc_column_text]<strong><span style=\"font-size: 14pt; color: #be0300;\">CleanAIR<sup>\u00ae<\/sup> Basic\u00a0<\/span><\/strong><\/p>\n<p>Filtra\u010dn\u011b-ventila\u010dn\u00ed jednotka s \u010d\u00e1sticov\u00fdm filtrem a Li-ion akumul\u00e1torem.<\/p>\n<p><img loading=\"lazy\" decoding=\"async\" class=\"size-medium wp-image-358 aligncenter\" src=\"https:\/\/www.clean-air.cz\/wp-content\/uploads\/2018\/06\/EVO_shadow-iso-copy-300x300.jpg\" alt=\"\" width=\"300\" height=\"300\" srcset=\"https:\/\/www.clean-air.cz\/wp-content\/uploads\/2018\/06\/EVO_shadow-iso-copy-300x300.jpg 300w, https:\/\/www.clean-air.cz\/wp-content\/uploads\/2018\/06\/EVO_shadow-iso-copy-150x150.jpg 150w, https:\/\/www.clean-air.cz\/wp-content\/uploads\/2018\/06\/EVO_shadow-iso-copy-768x768.jpg 768w, https:\/\/www.clean-air.cz\/wp-content\/uploads\/2018\/06\/EVO_shadow-iso-copy.jpg 800w, https:\/\/www.clean-air.cz\/wp-content\/uploads\/2018\/06\/EVO_shadow-iso-copy-250x250.jpg 250w\" sizes=\"(max-width: 300px) 100vw, 300px\" \/>[\/vc_column_text][vc_btn title=&#8220;Zobrazit produkt&#8220; shape=&#8220;square&#8220; color=&#8220;danger&#8220; align=&#8220;left&#8220; link=&#8220;url:https%3A%2F%2Fwww.clean-air.cz%2Fcs%2Fsystem-osobni-ochrany-dychacich-cest%2Fcleanair-basic%2F|title:Zobrazit%20produkt|&#8220;][\/vc_column][vc_column width=&#8220;1\/3&#8243;][vc_column_text]<strong><span style=\"font-size: 14pt; color: #be0300;\">Accessories\u00a0<\/span><\/strong><\/p>\n<p>Hadice QuickLOCK\u2122, p\u0159epravn\u00ed ta\u0161ka, nab\u00edje\u010dka, komfortn\u00ed opasek, rukavice.[\/vc_column_text][\/vc_column][\/vc_row]<\/p>\n","protected":false},"excerpt":{"rendered":"<p>[vc_row][vc_column width=&#8220;1\/2&#8243;][vc_gallery interval=&#8220;0&#8243; images=&#8220;9954&#8243; img_size=&#8220;large&#8220;][\/vc_column][vc_column width=&#8220;1\/2&#8243;][vc_column_text]V\u017edy skv\u011bl\u00fd v\u00fdhled Brusn\u00fd \u0161t\u00edt poskytuje neomezen\u00fd v\u00fdhled do va\u0161eho pracovn\u00edho prostoru, filtrovan\u00fd a \u010dist\u00fd vzduch s nastavitelnou distribuc\u00ed vzduchu \u010din\u00ed z SeeMAXu jedine\u010dn\u00fd syst\u00e9m ochrany obli\u010deje a d\u00fdchac\u00edch cest s nejvy\u0161\u0161\u00ed \u00farovn\u00ed bezpe\u010dnosti.[\/vc_column_text][\/vc_column][\/vc_row][vc_row][vc_column css=&#8220;.vc_custom_1591949071529{margin-top: -100px !important;}&#8220;][vc_column_text]Obsah balen\u00ed[\/vc_column_text][\/vc_column][\/vc_row][vc_row][vc_column width=&#8220;1\/3&#8243;][vc_column_text]AerTEC\u2122 SeeMAX Brusn\u00fd \u0161t\u00edt se syst\u00e9mem rozvodu vzduchu. [\/vc_column_text][vc_btn title=&#8220;Zobrazit produkt&#8220; shape=&#8220;square&#8220; color=&#8220;danger&#8220; align=&#8220;left&#8220; link=&#8220;url:https%3A%2F%2Fwww.clean-air.cz%2Fcs%2Fhlavove-dily%2Fbrusne-stity%2Faertec-seemax%2F|title:Zobrazit%20produkt|&#8220;][\/vc_column][vc_column width=&#8220;1\/3&#8243;][vc_column_text]CleanAIR\u00ae Basic\u00a0 Filtra\u010dn\u011b-ventila\u010dn\u00ed jednotka s \u010d\u00e1sticov\u00fdm filtrem a Li-ion akumul\u00e1torem. [\/vc_column_text][vc_btn title=&#8220;Zobrazit<\/p>\n<p><a class=\"more-link\" href=\"https:\/\/www.clean-air.cz\/cs\/ready-2-work-sets\/ready-2-work-set-seemax-basic\/\">Read More<\/a><\/p>\n","protected":false},"author":11,"featured_media":0,"parent":15796,"menu_order":0,"comment_status":"closed","ping_status":"closed","template":"","meta":{"footnotes":""},"_links":{"self":[{"href":"https:\/\/www.clean-air.cz\/cs\/wp-json\/wp\/v2\/pages\/9960"}],"collection":[{"href":"https:\/\/www.clean-air.cz\/cs\/wp-json\/wp\/v2\/pages"}],"about":[{"href":"https:\/\/www.clean-air.cz\/cs\/wp-json\/wp\/v2\/types\/page"}],"author":[{"embeddable":true,"href":"https:\/\/www.clean-air.cz\/cs\/wp-json\/wp\/v2\/users\/11"}],"replies":[{"embeddable":true,"href":"https:\/\/www.clean-air.cz\/cs\/wp-json\/wp\/v2\/comments?post=9960"}],"version-history":[{"count":0,"href":"https:\/\/www.clean-air.cz\/cs\/wp-json\/wp\/v2\/pages\/9960\/revisions"}],"up":[{"embeddable":true,"href":"https:\/\/www.clean-air.cz\/cs\/wp-json\/wp\/v2\/pages\/15796"}],"wp:attachment":[{"href":"https:\/\/www.clean-air.cz\/cs\/wp-json\/wp\/v2\/media?parent=9960"}],"curies":[{"name":"wp","href":"https:\/\/api.w.org\/{rel}","templated":true}]}}

<p>[vc_row][vc_column width=&#8220;1/2&#8243;][vc_gallery interval=&#8220;0&#8243; images=&#8220;9954&#8243; img_size=&#8220;large&#8220;][/vc_column][vc_column width=&#8220;1/2&#8243;][vc_column_text]<strong><span style="font-size: 14pt; color: #be0300;">Vždy skvělý výhled</span></strong></p>
<p>Brusný štít poskytuje neomezený výhled do vašeho pracovního prostoru, filtrovaný a čistý vzduch s nastavitelnou distribucí vzduchu činí z SeeMAXu jedinečný systém ochrany obličeje a dýchacích cest s nejvyšší úrovní bezpečnosti.[/vc_column_text][/vc_column][/vc_row][vc_row][vc_column css=&#8220;.vc_custom_1591949071529{margin-top: -100px !important;}&#8220;][vc_column_text]<span style="font-size: 18pt;">Obsah balení</span>[/vc_column_text][/vc_column][/vc_row][vc_row][vc_column width=&#8220;1/3&#8243;][vc_column_text]<strong><span style="font-size: 14pt; color: #be0300;">AerTEC™ SeeMAX</span></strong></p>
<p>Brusný štít se systémem rozvodu vzduchu.</p>
<p><img loading="lazy" decoding="async" class="size-medium wp-image-8126 aligncenter" src="https://www.clean-air.cz/wp-content/uploads/2019/12/SeeMAX-iso-245x300.jpg" alt="" width="245" height="300" />[/vc_column_text][vc_btn title=&#8220;Zobrazit produkt&#8220; shape=&#8220;square&#8220; color=&#8220;danger&#8220; align=&#8220;left&#8220; link=&#8220;url:https%3A%2F%2Fwww.clean-air.cz%2Fcs%2Fhlavove-dily%2Fbrusne-stity%2Faertec-seemax%2F|title:Zobrazit%20produkt|&#8220;][/vc_column][vc_column width=&#8220;1/3&#8243;][vc_column_text]<strong><span style="font-size: 14pt; color: #be0300;">CleanAIR<sup>®</sup> Basic </span></strong></p>
<p>Filtračně-ventilační jednotka s částicovým filtrem a Li-ion akumulátorem.</p>
<p><img loading="lazy" decoding="async" class="size-medium wp-image-358 aligncenter" src="https://www.clean-air.cz/wp-content/uploads/2018/06/EVO_shadow-iso-copy-300x300.jpg" alt="" width="300" height="300" srcset="https://www.clean-air.cz/wp-content/uploads/2018/06/EVO_shadow-iso-copy-300x300.jpg 300w, https://www.clean-air.cz/wp-content/uploads/2018/06/EVO_shadow-iso-copy-150x150.jpg 150w, https://www.clean-air.cz/wp-content/uploads/2018/06/EVO_shadow-iso-copy-768x768.jpg 768w, https://www.clean-air.cz/wp-content/uploads/2018/06/EVO_shadow-iso-copy.jpg 800w, https://www.clean-air.cz/wp-content/uploads/2018/06/EVO_shadow-iso-copy-250x250.jpg 250w" sizes="(max-width: 300px) 100vw, 300px" />[/vc_column_text][vc_btn title=&#8220;Zobrazit produkt&#8220; shape=&#8220;square&#8220; color=&#8220;danger&#8220; align=&#8220;left&#8220; link=&#8220;url:https%3A%2F%2Fwww.clean-air.cz%2Fcs%2Fsystem-osobni-ochrany-dychacich-cest%2Fcleanair-basic%2F|title:Zobrazit%20produkt|&#8220;][/vc_column][vc_column width=&#8220;1/3&#8243;][vc_column_text]<strong><span style="font-size: 14pt; color: #be0300;">Accessories </span></strong></p>
<p>Hadice QuickLOCK™, přepravní taška, nabíječka, komfortní opasek, rukavice.[/vc_column_text][/vc_column][/vc_row]</p>

<p>[vc_row][vc_column width=&#8220;1/2&#8243;][vc_gallery interval=&#8220;0&#8243; images=&#8220;9954&#8243; img_size=&#8220;large&#8220;][/vc_column][vc_column width=&#8220;1/2&#8243;][vc_column_text]Vždy skvělý výhled Brusný štít poskytuje neomezený výhled do vašeho pracovního prostoru, filtrovaný a čistý vzduch s nastavitelnou distribucí vzduchu činí z SeeMAXu jedinečný systém ochrany obličeje a dýchacích cest s nejvyšší úrovní bezpečnosti.[/vc_column_text][/vc_column][/vc_row][vc_row][vc_column css=&#8220;.vc_custom_1591949071529{margin-top: -100px !important;}&#8220;][vc_column_text]Obsah balení[/vc_column_text][/vc_column][/vc_row][vc_row][vc_column width=&#8220;1/3&#8243;][vc_column_text]AerTEC™ SeeMAX Brusný štít se systémem rozvodu vzduchu. [/vc_column_text][vc_btn title=&#8220;Zobrazit produkt&#8220; shape=&#8220;square&#8220; color=&#8220;danger&#8220; align=&#8220;left&#8220; link=&#8220;url:https%3A%2F%2Fwww.clean-air.cz%2Fcs%2Fhlavove-dily%2Fbrusne-stity%2Faertec-seemax%2F|title:Zobrazit%20produkt|&#8220;][/vc_column][vc_column width=&#8220;1/3&#8243;][vc_column_text]CleanAIR® Basic  Filtračně-ventilační jednotka s částicovým filtrem a Li-ion akumulátorem. [/vc_column_text][vc_btn title=&#8220;Zobrazit</p>
<p><a class="more-link" href="https://www.clean-air.cz/cs/ready-2-work-sets/ready-2-work-set-seemax-basic/">Read More</a></p>
